culate the greatest common factor of 12 and 150.
6
Calculate the highest common factor of 667 and 29.
29
Calculate the greatest common divisor of 460 and 37490.
230
Calculate the greatest common divisor of 18720 and 52.
52
Calculate the highest common divisor of 12 and 39.
3
Calculate the greatest common factor of 405 and 2592.
81
What is the highest common factor of 87 and 29?
29
Calculate the highest common divisor of 137 and 1507.
137
Calculate the highest common factor of 316 and 92.
4
What is the highest common divisor of 27 and 5697?
27
Calculate the greatest common factor of 18 and 21510.
18
Calculate the greatest common factor of 152 and 114.
38
What is the highest common factor of 1504 and 94?
94
What is the highest common divisor of 279 and 198?
9
What is the highest common factor of 425 and 1632?
17
Calculate the highest common factor of 1010 and 10.
10
Calculate the greatest common factor of 2 and 2.
2
Calculate the highest common divisor of 425 and 25.
25
What is the highest common factor of 20 and 236?
4
What is the highest common divisor of 4 and 6876?
4
Calculate the greatest common factor of 301 and 14.
7
Calculate the highest common factor of 1836 and 324.
108
What is the highest common divisor of 200 and 8?
8
Calculate the highest common factor of 5 and 13705.
5
What is the highest common factor of 4650 and 1650?
150
What is the highest common factor of 3819 and 402?
201
What is the highest common factor of 135 and 117?
9
What is the greatest common divisor of 4134 and 477?
159
What is the greatest common divisor of 22 and 11?
11
Calculate the highest common divisor of 56 and 462.
14
Calculate the greatest common factor of 224 and 13792.
32
What is the highest common factor of 90 and 20?
10
What is the highest common factor of 315 and 45?
45
Calculate the highest common factor of 217 and 252.
7
What is the highest common factor of 63 and 144?
9
What is the highest common factor of 10 and 165?
5
Calculate the greatest common divisor of 16 and 92.
4
Calculate the highest common divisor of 320 and 5.
5
What is the highest common divisor of 120 and 9060?
60
What is the greatest common factor of 918 and 408?
102
What is the highest common divisor of 2376 and 5742?
198
What is the greatest common factor of 2696 and 48?
8
Calculate the greatest common divisor of 484 and 8591.
121
Calculate the highest common factor of 1852 and 4.
4
Calculate the greatest common divisor of 63 and 315.
63
What is the highest common factor of 34 and 1088?
34
Calculate the greatest common factor of 55 and 11.
11
Calculate the highest common factor of 486 and 108.
54
What is the greatest common divisor of 793 and 1781?
13
What is the highest common divisor of 105 and 13370?
35
Calculate the highest common factor of 4394 and 26.
26
Calculate the greatest common factor of 76 and 38.
38
Calculate the highest common divisor of 95 and 8645.
95
What is the highest common divisor of 385 and 3920?
35
What is the highest common factor of 185 and 21275?
185
What is the highest common divisor of 44 and 484?
44
What is the greatest common factor of 45 and 144?
9
Calculate the greatest common factor of 104 and 3159.
13
What is the highest common factor of 2 and 8?
2
Calculate the greatest common factor of 80 and 5860.
20
What is the greatest common factor of 60 and 1220?
20
Calculate the greatest common divisor of 676 and 468.
52
Calculate the highest common divisor of 320 and 10.
10
Calculate the highest common divisor of 2822 and 374.
34
Calculate the greatest common divisor of 351 and 54.
27
Calculate the greatest common factor of 114 and 3.
3
What is the highest common divisor of 328 and 533?
41
What is the greatest common factor of 190 and 80?
10
Calculate the greatest common divisor of 54 and 621.
27
Calculate the highest common divisor of 833 and 49.
49
What is the highest common divisor of 884 and 68?
68
Calculate the greatest common factor of 60 and 3570.
30
What is the highest common factor of 42 and 18?
6
Calculate the greatest common factor of 135 and 81.
27
Calculate the greatest common factor of 3912 and 12.
12
What is the highest common divisor of 30 and 195?
15
What is the greatest common factor of 57 and 9?
3
Calculate the greatest common factor of 13695 and 330.
165
Calculate the highest common factor of 47 and 188.
47
What is the highest common factor of 2280 and 8664?
456
Calculate the highest common divisor of 63 and 42.
21
Calculate the greatest common divisor of 19880 and 50.
10
What is the greatest common factor of 1315 and 135?
5
What is the highest common divisor of 21 and 91?
7
What is the greatest common divisor of 33 and 9?
3
What is the greatest common divisor of 41952 and 184?
184
Calculate the highest common divisor of 391 and 425.
17
Calculate the greatest common factor of 1830 and 90.
30
What is the highest common factor of 73 and 3577?
73
Calculate the greatest common factor of 30 and 366.
6
Calculate the greatest common factor of 194 and 1261.
97
What is the highest common factor of 24 and 1536?
24
What is the highest common divisor of 20 and 65?
5
Calculate the highest common divisor of 6208 and 136.
8
What is the highest common divisor of 315 and 1170?
45
What is the highest common divisor of 475 and 1577?
19
What is the highest common factor of 45 and 351?
9
Calculate the greatest common divisor of 15 and 72.
3
What is the highest common factor of 56 and 194?
2
What is the greatest common factor of 253 and 11?
11
What is the highest common factor of 18 and 207?
9
What is the greatest common factor of 1827 and 567?
63
Calculate the highest common divisor of 5187 and 133.
133
Calculate the highest common divisor of 8 and 2168.
8
What is the greatest common factor of 213 and 3?
3
Calculate the greatest common factor of 3996 and 370.
74
Calculate the greatest common divisor of 120 and 616.
8
Calculate the greatest common factor of 45 and 18.
9
What is the highest common factor of 6 and 958?
2
Calculate the greatest common divisor of 2882 and 176.
22
What is the greatest common divisor of 55 and 44?
11
Calculate the highest common factor of 385 and 847.
77
Calculate the highest common factor of 50 and 90.
10
Calculate the greatest common factor of 11 and 40612.
11
Calculate the greatest common factor of 14322 and 308.
154
What is the greatest common factor of 7436 and 44?
44
What is the highest common factor of 612 and 99?
9
Calculate the greatest common divisor of 6 and 75.
3
What is the greatest common factor of 1139 and 67?
67
What is the highest common divisor of 23 and 161?
23
What is the greatest common divisor of 42 and 14?
14
Calculate the greatest common divisor of 100 and 9025.
25
What is the highest common divisor of 30 and 915?
15
Calculate the highest common factor of 1232 and 14.
14
What is the highest common divisor of 155 and 93?
31
Calculate the highest common factor of 9039 and 69.
69
What is the highest common factor of 40 and 1208?
8
Calculate the greatest common factor of 100 and 160.
20
Calculate the highest common factor of 116 and 116.
116
What is the greatest common factor of 6695 and 65?
65
Calculate the greatest common factor of 7430 and 10.
10
Calculate the highest common factor of 16148 and 88.
44
Calculate the greatest common divisor of 186 and 15066.
186
Calculate the greatest common divisor of 13 and 2873.
13
What is the greatest common divisor of 63 and 1071?
63
Calculate the greatest common divisor of 4575 and 2440.
305
What is the highest common factor of 5095 and 5?
5
What is the highest common divisor of 150 and 100?
50
What is the greatest common divisor of 1353 and 41?
41
Calculate the highest common factor of 115 and 1771.
23
What is the highest common factor of 14055 and 15?
15
What is the greatest common factor of 24 and 150?
6
Calculate the highest common factor of 697 and 533.
41
What is the greatest common divisor of 144 and 186?
6
Calculate the highest common divisor of 30 and 318.
6
Calculate the highest common factor of 2618 and 1666.
238
What is the greatest common divisor of 245 and 7?
7
What is the greatest common divisor of 1128 and 24?
24
Calculate the greatest common divisor of 42 and 168.
42
What is the greatest common factor of 2295 and 1989?
153
What is the greatest commo